{"id":33,"date":"2025-03-22T16:08:33","date_gmt":"2025-03-22T16:08:33","guid":{"rendered":"https:\/\/sariannika.fi\/?page_id=33"},"modified":"2025-03-26T20:38:00","modified_gmt":"2025-03-26T20:38:00","slug":"teippaus","status":"publish","type":"page","link":"https:\/\/sariannika.fi\/?page_id=33","title":{"rendered":"Teippaus"},"content":{"rendered":"\n<blockquote class=\"wp-block-quote is-layout-flow wp-block-quote-is-layout-flow\">\n<p><strong>Liima kuivuu pois, reuna repsottaa ilkkuen<br>\u2014 paista kiinni vain<\/strong><\/p>\n\n\n\n<!--more-->\n<\/blockquote>\n\n\n\n<p>Teippauksen osuuteen kuului niin vesiteippausta, siirtoteippausta, kuin paljon toivomaani yliteippausta. Jotain ehk\u00e4 opin uutta, enimm\u00e4kseen muistui mieleen vanhoja opittuja ty\u00f6tapoja ja p\u00e4\u00e4asiassa homma oli &#8211; ongelmista huolimatta, rattoisaa!<\/p>\n\n\n\n<p><\/p>\n\n\n\n<div class=\"wp-block-columns is-layout-flex wp-container-core-columns-is-layout-9d6595d7 wp-block-columns-is-layout-flex\">\n<div class=\"wp-block-column is-layout-flow wp-block-column-is-layout-flow\"><\/div>\n\n\n\n<div class=\"wp-block-column is-layout-flow wp-block-column-is-layout-flow\"><\/div>\n<\/div>\n\n\n<style type=\"text\/css\">\n#foogallery-gallery-1979.fg-masonry { --fg-gutter: 10px; }<\/style>\n\t\t\t<div class=\"foogallery foogallery-container foogallery-masonry foogallery-lightbox-foogallery fg-center fg-masonry fg-ready fg-light fg-shadow-small fg-loading-default fg-loaded-fade-in fg-hover-scale fg-hover-fade fg-hover-plus fg-light-overlays fg-col4\" id=\"foogallery-gallery-1979\" data-foogallery=\"{&quot;item&quot;:{&quot;showCaptionTitle&quot;:true,&quot;showCaptionDescription&quot;:true},&quot;lazy&quot;:true}\" data-foogallery-lightbox=\"{&quot;theme&quot;:&quot;fg-light&quot;,&quot;thumbs&quot;:&quot;bottom&quot;,&quot;thumbsCaptions&quot;:false,&quot;thumbsBestFit&quot;:false,&quot;thumbsSmall&quot;:false,&quot;thumbsCaptionsAlign&quot;:&quot;default&quot;,&quot;info&quot;:&quot;bottom&quot;,&quot;infoVisible&quot;:true,&quot;infoOverlay&quot;:true,&quot;infoAlign&quot;:&quot;default&quot;,&quot;transition&quot;:&quot;fade&quot;,&quot;hoverButtons&quot;:false,&quot;fitMedia&quot;:false,&quot;noScrollbars&quot;:true,&quot;preserveButtonSpace&quot;:true,&quot;buttons&quot;:{&quot;fullscreen&quot;:true,&quot;info&quot;:true,&quot;thumbs&quot;:false},&quot;video&quot;:{&quot;autoPlay&quot;:true}}\" style=\"--fg-title-line-clamp: 0; --fg-description-line-clamp: 0;\" >\n\t\t<div class=\"fg-column-width\"><\/div>\n\t<div class=\"fg-gutter-width\"><\/div>\n\t\t<div class=\"fg-item fg-type-image fg-idle\"><figure class=\"fg-item-inner\"><a href=\"https:\/\/sariannika.fi\/wp-content\/uploads\/2025\/03\/IMG_3388-scaled.jpeg\" data-attachment-id=\"1532\" data-type=\"image\" class=\"fg-thumb\"><span class=\"fg-image-wrap\"><img decoding=\"async\" width=\"250\" height=\"155\" class=\"skip-lazy fg-image\" data-src-fg=\"https:\/\/sariannika.fi\/wp-content\/uploads\/cache\/2025\/03\/IMG_3388-scaled\/1498847063.jpeg\" data-srcset-fg=\"https:\/\/sariannika.fi\/wp-content\/uploads\/cache\/2025\/03\/IMG_3388-scaled\/3860808337.jpeg 3x\" src=\"data:image\/svg+xml,%3Csvg%20xmlns%3D%22http%3A%2F%2Fwww.w3.org%2F2000%2Fsvg%22%20width%3D%22250%22%20height%3D%22155%22%20viewBox%3D%220%200%20250%20155%22%3E%3C%2Fsvg%3E\" loading=\"eager\"><\/span><span class=\"fg-image-overlay\"><\/span><\/a><\/figure><div class=\"fg-loader\"><\/div><\/div><div class=\"fg-item fg-type-image fg-idle\"><figure class=\"fg-item-inner\"><a href=\"https:\/\/sariannika.fi\/wp-content\/uploads\/2025\/03\/IMG_3392-scaled.jpeg\" data-attachment-id=\"1530\" data-type=\"image\" class=\"fg-thumb\"><span class=\"fg-image-wrap\"><img decoding=\"async\" width=\"250\" height=\"188\" class=\"skip-lazy fg-image\" data-src-fg=\"https:\/\/sariannika.fi\/wp-content\/uploads\/cache\/2025\/03\/IMG_3392-scaled\/2658436738.jpeg\" data-srcset-fg=\"https:\/\/sariannika.fi\/wp-content\/uploads\/cache\/2025\/03\/IMG_3392-scaled\/557667140.jpeg 3x\" src=\"data:image\/svg+xml,%3Csvg%20xmlns%3D%22http%3A%2F%2Fwww.w3.org%2F2000%2Fsvg%22%20width%3D%22250%22%20height%3D%22188%22%20viewBox%3D%220%200%20250%20188%22%3E%3C%2Fsvg%3E\" loading=\"eager\"><\/span><span class=\"fg-image-overlay\"><\/span><\/a><\/figure><div class=\"fg-loader\"><\/div><\/div><div class=\"fg-item fg-type-image fg-idle\"><figure class=\"fg-item-inner\"><a href=\"https:\/\/sariannika.fi\/wp-content\/uploads\/2025\/03\/IMG_3391-scaled.jpeg\" data-attachment-id=\"1531\" data-type=\"image\" class=\"fg-thumb\"><span class=\"fg-image-wrap\"><img decoding=\"async\" width=\"250\" height=\"199\" class=\"skip-lazy fg-image\" data-src-fg=\"https:\/\/sariannika.fi\/wp-content\/uploads\/cache\/2025\/03\/IMG_3391-scaled\/3987178029.jpeg\" data-srcset-fg=\"https:\/\/sariannika.fi\/wp-content\/uploads\/cache\/2025\/03\/IMG_3391-scaled\/1391351787.jpeg 3x\" src=\"data:image\/svg+xml,%3Csvg%20xmlns%3D%22http%3A%2F%2Fwww.w3.org%2F2000%2Fsvg%22%20width%3D%22250%22%20height%3D%22199%22%20viewBox%3D%220%200%20250%20199%22%3E%3C%2Fsvg%3E\" loading=\"eager\"><\/span><span class=\"fg-image-overlay\"><\/span><\/a><\/figure><div class=\"fg-loader\"><\/div><\/div><div class=\"fg-item fg-type-image fg-idle\"><figure class=\"fg-item-inner\"><a href=\"https:\/\/sariannika.fi\/wp-content\/uploads\/2025\/03\/IMG_3387-scaled.jpeg\" data-attachment-id=\"1533\" data-type=\"image\" class=\"fg-thumb\"><span class=\"fg-image-wrap\"><img fetchpriority=\"high\" decoding=\"async\" width=\"250\" height=\"220\" class=\"skip-lazy fg-image\" data-src-fg=\"https:\/\/sariannika.fi\/wp-content\/uploads\/cache\/2025\/03\/IMG_3387-scaled\/2376548400.jpeg\" data-srcset-fg=\"https:\/\/sariannika.fi\/wp-content\/uploads\/cache\/2025\/03\/IMG_3387-scaled\/854496758.jpeg 3x\" src=\"data:image\/svg+xml,%3Csvg%20xmlns%3D%22http%3A%2F%2Fwww.w3.org%2F2000%2Fsvg%22%20width%3D%22250%22%20height%3D%22220%22%20viewBox%3D%220%200%20250%20220%22%3E%3C%2Fsvg%3E\" loading=\"eager\"><\/span><span class=\"fg-image-overlay\"><\/span><\/a><\/figure><div class=\"fg-loader\"><\/div><\/div><div class=\"fg-item fg-type-image fg-idle\"><figure class=\"fg-item-inner\"><a href=\"https:\/\/sariannika.fi\/wp-content\/uploads\/2025\/03\/IMG_3393-scaled.jpeg\" data-attachment-id=\"1529\" data-type=\"image\" class=\"fg-thumb\"><span class=\"fg-image-wrap\"><img decoding=\"async\" width=\"250\" height=\"206\" class=\"skip-lazy fg-image\" data-src-fg=\"https:\/\/sariannika.fi\/wp-content\/uploads\/cache\/2025\/03\/IMG_3393-scaled\/3267959196.jpeg\" data-srcset-fg=\"https:\/\/sariannika.fi\/wp-content\/uploads\/cache\/2025\/03\/IMG_3393-scaled\/2105592922.jpeg 3x\" src=\"data:image\/svg+xml,%3Csvg%20xmlns%3D%22http%3A%2F%2Fwww.w3.org%2F2000%2Fsvg%22%20width%3D%22250%22%20height%3D%22206%22%20viewBox%3D%220%200%20250%20206%22%3E%3C%2Fsvg%3E\" loading=\"eager\"><\/span><span class=\"fg-image-overlay\"><\/span><\/a><\/figure><div class=\"fg-loader\"><\/div><\/div><div class=\"fg-item fg-type-image fg-idle\"><figure class=\"fg-item-inner\"><a href=\"https:\/\/sariannika.fi\/wp-content\/uploads\/2025\/03\/IMG_3759-scaled.jpeg\" data-attachment-id=\"1513\" data-type=\"image\" class=\"fg-thumb\"><span class=\"fg-image-wrap\"><img decoding=\"async\" width=\"250\" height=\"181\" class=\"skip-lazy fg-image\" data-src-fg=\"https:\/\/sariannika.fi\/wp-content\/uploads\/cache\/2025\/03\/IMG_3759-scaled\/2670964605.jpeg\" data-srcset-fg=\"https:\/\/sariannika.fi\/wp-content\/uploads\/cache\/2025\/03\/IMG_3759-scaled\/544897723.jpeg 3x\" src=\"data:image\/svg+xml,%3Csvg%20xmlns%3D%22http%3A%2F%2Fwww.w3.org%2F2000%2Fsvg%22%20width%3D%22250%22%20height%3D%22181%22%20viewBox%3D%220%200%20250%20181%22%3E%3C%2Fsvg%3E\" loading=\"eager\"><\/span><span class=\"fg-image-overlay\"><\/span><\/a><\/figure><div class=\"fg-loader\"><\/div><\/div><div class=\"fg-item fg-type-image fg-idle\"><figure class=\"fg-item-inner\"><a href=\"https:\/\/sariannika.fi\/wp-content\/uploads\/2025\/03\/IMG_3756-scaled.jpeg\" data-attachment-id=\"1514\" data-type=\"image\" class=\"fg-thumb\"><span class=\"fg-image-wrap\"><img decoding=\"async\" width=\"250\" height=\"177\" class=\"skip-lazy fg-image\" data-src-fg=\"https:\/\/sariannika.fi\/wp-content\/uploads\/cache\/2025\/03\/IMG_3756-scaled\/1290461077.jpeg\" data-srcset-fg=\"https:\/\/sariannika.fi\/wp-content\/uploads\/cache\/2025\/03\/IMG_3756-scaled\/4087548499.jpeg 3x\" src=\"data:image\/svg+xml,%3Csvg%20xmlns%3D%22http%3A%2F%2Fwww.w3.org%2F2000%2Fsvg%22%20width%3D%22250%22%20height%3D%22177%22%20viewBox%3D%220%200%20250%20177%22%3E%3C%2Fsvg%3E\" loading=\"eager\"><\/span><span class=\"fg-image-overlay\"><\/span><\/a><\/figure><div class=\"fg-loader\"><\/div><\/div><div class=\"fg-item fg-type-image fg-idle\"><figure class=\"fg-item-inner\"><a href=\"https:\/\/sariannika.fi\/wp-content\/uploads\/2025\/03\/IMG_3763-scaled.jpeg\" data-attachment-id=\"1552\" data-type=\"image\" class=\"fg-thumb\"><span class=\"fg-image-wrap\"><img decoding=\"async\" width=\"250\" height=\"176\" class=\"skip-lazy fg-image\" data-src-fg=\"https:\/\/sariannika.fi\/wp-content\/uploads\/cache\/2025\/03\/IMG_3763-scaled\/872490348.jpeg\" data-srcset-fg=\"https:\/\/sariannika.fi\/wp-content\/uploads\/cache\/2025\/03\/IMG_3763-scaled\/2336813226.jpeg 3x\" src=\"data:image\/svg+xml,%3Csvg%20xmlns%3D%22http%3A%2F%2Fwww.w3.org%2F2000%2Fsvg%22%20width%3D%22250%22%20height%3D%22176%22%20viewBox%3D%220%200%20250%20176%22%3E%3C%2Fsvg%3E\" loading=\"eager\"><\/span><span class=\"fg-image-overlay\"><\/span><\/a><\/figure><div class=\"fg-loader\"><\/div><\/div><div class=\"fg-item fg-type-image fg-idle\"><figure class=\"fg-item-inner\"><a href=\"https:\/\/sariannika.fi\/wp-content\/uploads\/2025\/03\/IMG_3825-scaled.jpeg\" data-attachment-id=\"1512\" data-type=\"image\" class=\"fg-thumb\"><span class=\"fg-image-wrap\"><img decoding=\"async\" width=\"250\" height=\"180\" class=\"skip-lazy fg-image\" data-src-fg=\"https:\/\/sariannika.fi\/wp-content\/uploads\/cache\/2025\/03\/IMG_3825-scaled\/3035043019.jpeg\" data-srcset-fg=\"https:\/\/sariannika.fi\/wp-content\/uploads\/cache\/2025\/03\/IMG_3825-scaled\/196002061.jpeg 3x\" src=\"data:image\/svg+xml,%3Csvg%20xmlns%3D%22http%3A%2F%2Fwww.w3.org%2F2000%2Fsvg%22%20width%3D%22250%22%20height%3D%22180%22%20viewBox%3D%220%200%20250%20180%22%3E%3C%2Fsvg%3E\" loading=\"eager\"><\/span><span class=\"fg-image-overlay\"><\/span><\/a><\/figure><div class=\"fg-loader\"><\/div><\/div><div class=\"fg-item fg-type-image fg-idle\"><figure class=\"fg-item-inner\"><a href=\"https:\/\/sariannika.fi\/wp-content\/uploads\/2025\/03\/IMG_3764-scaled.jpeg\" data-attachment-id=\"1551\" data-type=\"image\" class=\"fg-thumb\"><span class=\"fg-image-wrap\"><img decoding=\"async\" width=\"250\" height=\"205\" class=\"skip-lazy fg-image\" data-src-fg=\"https:\/\/sariannika.fi\/wp-content\/uploads\/cache\/2025\/03\/IMG_3764-scaled\/668208638.jpeg\" data-srcset-fg=\"https:\/\/sariannika.fi\/wp-content\/uploads\/cache\/2025\/03\/IMG_3764-scaled\/2560481336.jpeg 3x\" src=\"data:image\/svg+xml,%3Csvg%20xmlns%3D%22http%3A%2F%2Fwww.w3.org%2F2000%2Fsvg%22%20width%3D%22250%22%20height%3D%22205%22%20viewBox%3D%220%200%20250%20205%22%3E%3C%2Fsvg%3E\" loading=\"eager\"><\/span><span class=\"fg-image-overlay\"><\/span><\/a><\/figure><div class=\"fg-loader\"><\/div><\/div><div class=\"fg-item fg-type-image fg-idle\"><figure class=\"fg-item-inner\"><a href=\"https:\/\/sariannika.fi\/wp-content\/uploads\/2025\/03\/IMG_3765-scaled.jpeg\" data-attachment-id=\"1550\" data-type=\"image\" class=\"fg-thumb\"><span class=\"fg-image-wrap\"><img decoding=\"async\" width=\"250\" height=\"173\" class=\"skip-lazy fg-image\" data-src-fg=\"https:\/\/sariannika.fi\/wp-content\/uploads\/cache\/2025\/03\/IMG_3765-scaled\/3550948402.jpeg\" data-srcset-fg=\"https:\/\/sariannika.fi\/wp-content\/uploads\/cache\/2025\/03\/IMG_3765-scaled\/1827600884.jpeg 3x\" src=\"data:image\/svg+xml,%3Csvg%20xmlns%3D%22http%3A%2F%2Fwww.w3.org%2F2000%2Fsvg%22%20width%3D%22250%22%20height%3D%22173%22%20viewBox%3D%220%200%20250%20173%22%3E%3C%2Fsvg%3E\" loading=\"eager\"><\/span><span class=\"fg-image-overlay\"><\/span><\/a><\/figure><div class=\"fg-loader\"><\/div><\/div><div class=\"fg-item fg-type-image fg-idle\"><figure class=\"fg-item-inner\"><a href=\"https:\/\/sariannika.fi\/wp-content\/uploads\/2025\/03\/IMG_3828-scaled.jpeg\" data-attachment-id=\"1511\" data-type=\"image\" class=\"fg-thumb\"><span class=\"fg-image-wrap\"><img decoding=\"async\" width=\"250\" height=\"173\" class=\"skip-lazy fg-image\" data-src-fg=\"https:\/\/sariannika.fi\/wp-content\/uploads\/cache\/2025\/03\/IMG_3828-scaled\/1400997493.jpeg\" data-srcset-fg=\"https:\/\/sariannika.fi\/wp-content\/uploads\/cache\/2025\/03\/IMG_3828-scaled\/3972551603.jpeg 3x\" src=\"data:image\/svg+xml,%3Csvg%20xmlns%3D%22http%3A%2F%2Fwww.w3.org%2F2000%2Fsvg%22%20width%3D%22250%22%20height%3D%22173%22%20viewBox%3D%220%200%20250%20173%22%3E%3C%2Fsvg%3E\" loading=\"eager\"><\/span><span class=\"fg-image-overlay\"><\/span><\/a><\/figure><div class=\"fg-loader\"><\/div><\/div><div class=\"fg-item fg-type-image fg-idle\"><figure class=\"fg-item-inner\"><a href=\"https:\/\/sariannika.fi\/wp-content\/uploads\/2025\/03\/IMG_3585-scaled.jpeg\" data-attachment-id=\"1528\" data-type=\"image\" class=\"fg-thumb\"><span class=\"fg-image-wrap\"><img decoding=\"async\" width=\"250\" height=\"188\" class=\"skip-lazy fg-image\" data-src-fg=\"https:\/\/sariannika.fi\/wp-content\/uploads\/cache\/2025\/03\/IMG_3585-scaled\/1117370339.jpeg\" data-srcset-fg=\"https:\/\/sariannika.fi\/wp-content\/uploads\/cache\/2025\/03\/IMG_3585-scaled\/4258292261.jpeg 3x\" src=\"data:image\/svg+xml,%3Csvg%20xmlns%3D%22http%3A%2F%2Fwww.w3.org%2F2000%2Fsvg%22%20width%3D%22250%22%20height%3D%22188%22%20viewBox%3D%220%200%20250%20188%22%3E%3C%2Fsvg%3E\" loading=\"eager\"><\/span><span class=\"fg-image-overlay\"><\/span><\/a><\/figure><div class=\"fg-loader\"><\/div><\/div><div class=\"fg-item fg-type-image fg-idle\"><figure class=\"fg-item-inner\"><a href=\"https:\/\/sariannika.fi\/wp-content\/uploads\/2025\/03\/IMG_3588-scaled.jpeg\" data-attachment-id=\"1526\" data-type=\"image\" class=\"fg-thumb\"><span class=\"fg-image-wrap\"><img decoding=\"async\" width=\"250\" height=\"170\" class=\"skip-lazy fg-image\" data-src-fg=\"https:\/\/sariannika.fi\/wp-content\/uploads\/cache\/2025\/03\/IMG_3588-scaled\/4055226910.jpeg\" data-srcset-fg=\"https:\/\/sariannika.fi\/wp-content\/uploads\/cache\/2025\/03\/IMG_3588-scaled\/1325141976.jpeg 3x\" src=\"data:image\/svg+xml,%3Csvg%20xmlns%3D%22http%3A%2F%2Fwww.w3.org%2F2000%2Fsvg%22%20width%3D%22250%22%20height%3D%22170%22%20viewBox%3D%220%200%20250%20170%22%3E%3C%2Fsvg%3E\" loading=\"eager\"><\/span><span class=\"fg-image-overlay\"><\/span><\/a><\/figure><div class=\"fg-loader\"><\/div><\/div><div class=\"fg-item fg-type-image fg-idle\"><figure class=\"fg-item-inner\"><a href=\"https:\/\/sariannika.fi\/wp-content\/uploads\/2025\/03\/IMG_3592-scaled.jpeg\" data-attachment-id=\"1525\" data-type=\"image\" class=\"fg-thumb\"><span class=\"fg-image-wrap\"><img decoding=\"async\" width=\"250\" height=\"155\" class=\"skip-lazy fg-image\" data-src-fg=\"https:\/\/sariannika.fi\/wp-content\/uploads\/cache\/2025\/03\/IMG_3592-scaled\/1821146006.jpeg\" data-srcset-fg=\"https:\/\/sariannika.fi\/wp-content\/uploads\/cache\/2025\/03\/IMG_3592-scaled\/3552947792.jpeg 3x\" src=\"data:image\/svg+xml,%3Csvg%20xmlns%3D%22http%3A%2F%2Fwww.w3.org%2F2000%2Fsvg%22%20width%3D%22250%22%20height%3D%22155%22%20viewBox%3D%220%200%20250%20155%22%3E%3C%2Fsvg%3E\" loading=\"eager\"><\/span><span class=\"fg-image-overlay\"><\/span><\/a><\/figure><div class=\"fg-loader\"><\/div><\/div><div class=\"fg-item fg-type-image fg-idle\"><figure class=\"fg-item-inner\"><a href=\"https:\/\/sariannika.fi\/wp-content\/uploads\/2025\/03\/IMG_3587-scaled.jpeg\" data-attachment-id=\"1527\" data-type=\"image\" class=\"fg-thumb\"><span class=\"fg-image-wrap\"><img decoding=\"async\" width=\"250\" height=\"205\" class=\"skip-lazy fg-image\" data-src-fg=\"https:\/\/sariannika.fi\/wp-content\/uploads\/cache\/2025\/03\/IMG_3587-scaled\/625216889.jpeg\" data-srcset-fg=\"https:\/\/sariannika.fi\/wp-content\/uploads\/cache\/2025\/03\/IMG_3587-scaled\/2584598719.jpeg 3x\" src=\"data:image\/svg+xml,%3Csvg%20xmlns%3D%22http%3A%2F%2Fwww.w3.org%2F2000%2Fsvg%22%20width%3D%22250%22%20height%3D%22205%22%20viewBox%3D%220%200%20250%20205%22%3E%3C%2Fsvg%3E\" loading=\"eager\"><\/span><span class=\"fg-image-overlay\"><\/span><\/a><\/figure><div class=\"fg-loader\"><\/div><\/div><div class=\"fg-item fg-type-image fg-idle\"><figure class=\"fg-item-inner\"><a href=\"https:\/\/sariannika.fi\/wp-content\/uploads\/2025\/03\/IMG_3596-scaled.jpeg\" data-attachment-id=\"1523\" data-type=\"image\" class=\"fg-thumb\"><span class=\"fg-image-wrap\"><img decoding=\"async\" width=\"250\" height=\"200\" class=\"skip-lazy fg-image\" data-src-fg=\"https:\/\/sariannika.fi\/wp-content\/uploads\/cache\/2025\/03\/IMG_3596-scaled\/3214250142.jpeg\" data-srcset-fg=\"https:\/\/sariannika.fi\/wp-content\/uploads\/cache\/2025\/03\/IMG_3596-scaled\/14435672.jpeg 3x\" src=\"data:image\/svg+xml,%3Csvg%20xmlns%3D%22http%3A%2F%2Fwww.w3.org%2F2000%2Fsvg%22%20width%3D%22250%22%20height%3D%22200%22%20viewBox%3D%220%200%20250%20200%22%3E%3C%2Fsvg%3E\" loading=\"eager\"><\/span><span class=\"fg-image-overlay\"><\/span><\/a><\/figure><div class=\"fg-loader\"><\/div><\/div><div class=\"fg-item fg-type-image fg-idle\"><figure class=\"fg-item-inner\"><a href=\"https:\/\/sariannika.fi\/wp-content\/uploads\/2025\/03\/IMG_3597-scaled.jpeg\" data-attachment-id=\"1522\" data-type=\"image\" class=\"fg-thumb\"><span class=\"fg-image-wrap\"><img decoding=\"async\" width=\"250\" height=\"186\" class=\"skip-lazy fg-image\" data-src-fg=\"https:\/\/sariannika.fi\/wp-content\/uploads\/cache\/2025\/03\/IMG_3597-scaled\/1273409874.jpeg\" data-srcset-fg=\"https:\/\/sariannika.fi\/wp-content\/uploads\/cache\/2025\/03\/IMG_3597-scaled\/4105135252.jpeg 3x\" src=\"data:image\/svg+xml,%3Csvg%20xmlns%3D%22http%3A%2F%2Fwww.w3.org%2F2000%2Fsvg%22%20width%3D%22250%22%20height%3D%22186%22%20viewBox%3D%220%200%20250%20186%22%3E%3C%2Fsvg%3E\" loading=\"eager\"><\/span><span class=\"fg-image-overlay\"><\/span><\/a><\/figure><div class=\"fg-loader\"><\/div><\/div><div class=\"fg-item fg-type-image fg-idle\"><figure class=\"fg-item-inner\"><a href=\"https:\/\/sariannika.fi\/wp-content\/uploads\/2025\/03\/IMG_3599-scaled.jpeg\" data-attachment-id=\"1521\" data-type=\"image\" class=\"fg-thumb\"><span class=\"fg-image-wrap\"><img decoding=\"async\" width=\"250\" height=\"188\" class=\"skip-lazy fg-image\" data-src-fg=\"https:\/\/sariannika.fi\/wp-content\/uploads\/cache\/2025\/03\/IMG_3599-scaled\/2236127006.jpeg\" data-srcset-fg=\"https:\/\/sariannika.fi\/wp-content\/uploads\/cache\/2025\/03\/IMG_3599-scaled\/973161176.jpeg 3x\" src=\"data:image\/svg+xml,%3Csvg%20xmlns%3D%22http%3A%2F%2Fwww.w3.org%2F2000%2Fsvg%22%20width%3D%22250%22%20height%3D%22188%22%20viewBox%3D%220%200%20250%20188%22%3E%3C%2Fsvg%3E\" loading=\"eager\"><\/span><span class=\"fg-image-overlay\"><\/span><\/a><\/figure><div class=\"fg-loader\"><\/div><\/div><div class=\"fg-item fg-type-image fg-idle\"><figure class=\"fg-item-inner\"><a href=\"https:\/\/sariannika.fi\/wp-content\/uploads\/2025\/03\/IMG_3608-scaled.jpeg\" data-attachment-id=\"1519\" data-type=\"image\" class=\"fg-thumb\"><span class=\"fg-image-wrap\"><img decoding=\"async\" width=\"250\" height=\"186\" class=\"skip-lazy fg-image\" data-src-fg=\"https:\/\/sariannika.fi\/wp-content\/uploads\/cache\/2025\/03\/IMG_3608-scaled\/601787408.jpeg\" data-srcset-fg=\"https:\/\/sariannika.fi\/wp-content\/uploads\/cache\/2025\/03\/IMG_3608-scaled\/2627164630.jpeg 3x\" src=\"data:image\/svg+xml,%3Csvg%20xmlns%3D%22http%3A%2F%2Fwww.w3.org%2F2000%2Fsvg%22%20width%3D%22250%22%20height%3D%22186%22%20viewBox%3D%220%200%20250%20186%22%3E%3C%2Fsvg%3E\" loading=\"eager\"><\/span><span class=\"fg-image-overlay\"><\/span><\/a><\/figure><div class=\"fg-loader\"><\/div><\/div><div class=\"fg-item fg-type-image fg-idle\"><figure class=\"fg-item-inner\"><a href=\"https:\/\/sariannika.fi\/wp-content\/uploads\/2025\/03\/IMG_3595-scaled.jpeg\" data-attachment-id=\"1524\" data-type=\"image\" class=\"fg-thumb\"><span class=\"fg-image-wrap\"><img decoding=\"async\" width=\"250\" height=\"190\" class=\"skip-lazy fg-image\" data-src-fg=\"https:\/\/sariannika.fi\/wp-content\/uploads\/cache\/2025\/03\/IMG_3595-scaled\/3412997054.jpeg\" data-srcset-fg=\"https:\/\/sariannika.fi\/wp-content\/uploads\/cache\/2025\/03\/IMG_3595-scaled\/1948771960.jpeg 3x\" src=\"data:image\/svg+xml,%3Csvg%20xmlns%3D%22http%3A%2F%2Fwww.w3.org%2F2000%2Fsvg%22%20width%3D%22250%22%20height%3D%22190%22%20viewBox%3D%220%200%20250%20190%22%3E%3C%2Fsvg%3E\" loading=\"eager\"><\/span><span class=\"fg-image-overlay\"><\/span><\/a><\/figure><div class=\"fg-loader\"><\/div><\/div><div class=\"fg-item fg-type-image fg-idle\"><figure class=\"fg-item-inner\"><a href=\"https:\/\/sariannika.fi\/wp-content\/uploads\/2025\/03\/IMG_3625-scaled.jpeg\" data-attachment-id=\"1517\" data-type=\"image\" class=\"fg-thumb\"><span class=\"fg-image-wrap\"><img decoding=\"async\" width=\"250\" height=\"186\" class=\"skip-lazy fg-image\" data-src-fg=\"https:\/\/sariannika.fi\/wp-content\/uploads\/cache\/2025\/03\/IMG_3625-scaled\/1154380074.jpeg\" data-srcset-fg=\"https:\/\/sariannika.fi\/wp-content\/uploads\/cache\/2025\/03\/IMG_3625-scaled\/4219970796.jpeg 3x\" src=\"data:image\/svg+xml,%3Csvg%20xmlns%3D%22http%3A%2F%2Fwww.w3.org%2F2000%2Fsvg%22%20width%3D%22250%22%20height%3D%22186%22%20viewBox%3D%220%200%20250%20186%22%3E%3C%2Fsvg%3E\" loading=\"eager\"><\/span><span class=\"fg-image-overlay\"><\/span><\/a><\/figure><div class=\"fg-loader\"><\/div><\/div><div class=\"fg-item fg-type-image fg-idle\"><figure class=\"fg-item-inner\"><a href=\"https:\/\/sariannika.fi\/wp-content\/uploads\/2025\/03\/IMG_3635-scaled.jpeg\" data-attachment-id=\"1516\" data-type=\"image\" class=\"fg-thumb\"><span class=\"fg-image-wrap\"><img decoding=\"async\" width=\"250\" height=\"201\" class=\"skip-lazy fg-image\" data-src-fg=\"https:\/\/sariannika.fi\/wp-content\/uploads\/cache\/2025\/03\/IMG_3635-scaled\/2574453300.jpeg\" data-srcset-fg=\"https:\/\/sariannika.fi\/wp-content\/uploads\/cache\/2025\/03\/IMG_3635-scaled\/641392626.jpeg 3x\" src=\"data:image\/svg+xml,%3Csvg%20xmlns%3D%22http%3A%2F%2Fwww.w3.org%2F2000%2Fsvg%22%20width%3D%22250%22%20height%3D%22201%22%20viewBox%3D%220%200%20250%20201%22%3E%3C%2Fsvg%3E\" loading=\"eager\"><\/span><span class=\"fg-image-overlay\"><\/span><\/a><\/figure><div class=\"fg-loader\"><\/div><\/div><div class=\"fg-item fg-type-image fg-idle\"><figure class=\"fg-item-inner\"><a href=\"https:\/\/sariannika.fi\/wp-content\/uploads\/2025\/03\/ralliauto.jpg\" data-attachment-id=\"1731\" data-type=\"image\" class=\"fg-thumb\"><span class=\"fg-image-wrap\"><img decoding=\"async\" width=\"250\" height=\"170\" class=\"skip-lazy fg-image\" data-src-fg=\"https:\/\/sariannika.fi\/wp-content\/uploads\/cache\/2025\/03\/ralliauto\/3652726941.jpg\" data-srcset-fg=\"https:\/\/sariannika.fi\/wp-content\/uploads\/cache\/2025\/03\/ralliauto\/160190892.jpg 3x\" src=\"data:image\/svg+xml,%3Csvg%20xmlns%3D%22http%3A%2F%2Fwww.w3.org%2F2000%2Fsvg%22%20width%3D%22250%22%20height%3D%22170%22%20viewBox%3D%220%200%20250%20170%22%3E%3C%2Fsvg%3E\" loading=\"eager\"><\/span><span class=\"fg-image-overlay\"><\/span><\/a><\/figure><div class=\"fg-loader\"><\/div><\/div><\/div>\n\n\n<p><\/p>\n","protected":false},"excerpt":{"rendered":"<p>Liima kuivuu pois, reuna repsottaa ilkkuen\u2014 paista kiinni vain<\/p>\n","protected":false},"author":1,"featured_media":0,"parent":0,"menu_order":0,"comment_status":"closed","ping_status":"closed","template":"","meta":{"footnotes":""},"class_list":["post-33","page","type-page","status-publish","hentry"],"_links":{"self":[{"href":"https:\/\/sariannika.fi\/index.php?rest_route=\/wp\/v2\/pages\/33","targetHints":{"allow":["GET"]}}],"collection":[{"href":"https:\/\/sariannika.fi\/index.php?rest_route=\/wp\/v2\/pages"}],"about":[{"href":"https:\/\/sariannika.fi\/index.php?rest_route=\/wp\/v2\/types\/page"}],"author":[{"embeddable":true,"href":"https:\/\/sariannika.fi\/index.php?rest_route=\/wp\/v2\/users\/1"}],"replies":[{"embeddable":true,"href":"https:\/\/sariannika.fi\/index.php?rest_route=%2Fwp%2Fv2%2Fcomments&post=33"}],"version-history":[{"count":14,"href":"https:\/\/sariannika.fi\/index.php?rest_route=\/wp\/v2\/pages\/33\/revisions"}],"predecessor-version":[{"id":1980,"href":"https:\/\/sariannika.fi\/index.php?rest_route=\/wp\/v2\/pages\/33\/revisions\/1980"}],"wp:attachment":[{"href":"https:\/\/sariannika.fi\/index.php?rest_route=%2Fwp%2Fv2%2Fmedia&parent=33"}],"curies":[{"name":"wp","href":"https:\/\/api.w.org\/{rel}","templated":true}]}}